(-2)/q - 32/(-10). What is the units digit of (-2)/f - 70/(-15)?
4
Let f = 826 - 51. What is the hundreds digit of f?
7
Suppose -73721 = -79*a + 68637. What is the units digit of a?
2
Let w(h) = 34*h**2 - 8*h - 8. Suppose 0 = g - 2, -8*g - 4 = -4*j - 12*g. What is the tens digit of w(j)?
3
Suppose 3*t - 1559 = -2*a + 859, a - 1216 = -5*t. What is the thousands digit of a?
1
Suppose -2*u - 2*b = -16, 0 = -2*u - 2*u + 5*b + 23. Suppose 11*j - u*j = 504. What is the hundreds digit of j?
1
Let p(g) = 98*g**2 - 2*g + 14. What is the units digit of p(4)?
4
Suppose -3*t - 5*n + 138 = -355, 502 = 3*t - 4*n. What is the tens digit of t?
6
Let g = 11 + 5. Suppose 4*l - g = o, 5*l - 2*o = o + 20. Suppose 2*d - 52 = 2*t, -d - 6*t - l = -t. What is the units digit of d?
1
Suppose -137 = 4*u - 37. Let v = 10 + u. Let d = 20 + v. What is the units digit of d?
5
Suppose 2047 - 336 = 4*m + 5*s, 5*s + 1292 = 3*m. Suppose -m + 128 = -5*n - 3*q, 4*q + 12 = 0. What is the tens digit of n?
6
Suppose 0 = 2*t - 4*l - 188, -6*t + l = -3*t - 287. Let w = t - 16. What is the tens digit of w?
8
Let z(c) be the first derivative of 3/2*c**2 - 5 - 22*c. What is the units digit of z(15)?
3
Let r be (28/(-6))/((-8)/456). Let u = -166 + r. What is the hundreds digit of u?
1
Let t = 63 + -65. What is the units digit of 4/16*t*18*-1?
9
Let d = 1620 + -839. What is the tens digit of d?
8
Let t = -2931 - -4469. What is the thousands digit of t?
1
Let z be (-34)/(-16) + 1/(-8). Let x(n) = 11*n**3 - 4*n**2 + 4. What is the units digit of x(z)?
6
What is the units digit of -3 + (-3 - -7) + 731?
2
Let y be (4 + -143 + -3)/(-2). Suppose 4*q - y = 45. What is the units digit of q?
9
Let m(w) = -4*w**2 - 17*w - 11. Let d be 5*-1*16/20. Let x(o) = -2*o**2 - 9*o - 5. Let r(y) = d*m(y) + 7*x(y). What is the tens digit of r(-5)?
3
Let z(w) = w**3 + 14*w**2 + 12*w - 11. Let k be z(-13). Suppose -6*r = -7*r + k. Suppose -4*h + h = u - 131, 2*h - 82 = -r*u. What is the tens digit of h?
4
Let k = -61 + 117. Let h = k - 35. Suppose -3*b = -99 - h. What is the units digit of b?
0
Let t = -39 + 319. What is the hundreds digit of t?
2
Suppose b + 0*b = -5*m + 347, 5*b - 1735 = 2*m. What is the units digit of b?
7
Let l = -4 - 7. Let t(k) = -k**3 + 14*k**2 + 31*k + 1. Let s be t(16). Let f = l - s. What is the units digit of f?
4
Suppose -11*f = -35*f + 10368. What is the units digit of f?
2
Let x(z) = 4*z**3 - 2*z**2 + 2*z - 1. Let t(o) be the third derivative of o**4/24 + o**3 + 2*o**2. Let q be t(-5). What is the units digit of x(q)?
3
Suppose 0 = -13*a + 39*a - 18902. What is the units digit of a?
7
What is the units digit of (-3 - 12/(-3))*95/1?
5
Let u(t) = -12*t + 2. Let j be u(-1). Suppose 3*c - j = -80. Let x = 20 - c. What is the tens digit of x?
4
Let t = 30 - 61. Let r = 99 + -44. Let u = t + r. What is the units digit of u?
4
Let l(a) = 33*a + 31. Let c be l(9). Suppose 2*o - c = -5*n + n, -4*n + o + 334 = 0. What is the tens digit of n?
8
Suppose -5*a + 2*h + 128 = -0*a, a - 4*h - 40 = 0. Let o = 2 - 2. What is the units digit of (a + -1 + o)*2?
6
Suppose 4*q = 4*k - 130 + 3654, -5*k - 885 = -q. Suppose 10*b - 2*b = q. What is the tens digit of b?
1
Let y = -8 + -16. Let r = 28 + y. Suppose -r*z - 3*j + 24 = -j, 2*z = 4*j - 8. What is the units digit of z?
4
Let b(w) = 2*w**2 - 24*w + 151. What is the units digit of b(18)?
7
Let j = 7524 + -5022. What is the units digit of j?
2
Let d = -974 - -2118. What is the hundreds digit of d?
1
What is the hundreds digit of 12/15 - (-1343489)/295?
5
Let c = 2100 - -1397. What is the tens digit of c?
9
Let k(u) = 10*u**3 - 2*u + 1. Let x be k(1). Let a(s) = s**3 - 2 - x*s**2 + s**3 - 3*s**3 - 4*s. What is the tens digit of a(-9)?
3
Suppose 193*f = 198*f - 6250. What is the tens digit of f?
5
Suppose 4*b - 9*b = 3*o - 1700, -b = -2*o + 1129. What is the tens digit of o?
6
Let m(r) = -r + 5. Let g be m(0). What is the tens digit of 15/g + -2 + 48?
4
What is the hundreds digit of ((-290)/(-60))/(6/6012)?
8
Suppose -5*m + 329 = 2*o, -3*o - 5*m + 830 = 2*o. What is the tens digit of o?
6
Suppose 5*d + 2*f + 190 = 2*d, -5*d - 3*f = 317. Let n = 11 - d. What is the tens digit of n?
7
Suppose 0 = -488*k + 492*k - 1464. What is the tens digit of k?
6
Let x be 1/((-5)/20*-1). Suppose 3*w - 177 = -3*t + 2*w, -4*t + x*w + 220 = 0. What is the tens digit of t?
5
Suppose -26*b + 12006 = -4920. What is the units digit of b?
1
Let q(j) = 22*j**2 + 32*j + 15. What is the units digit of q(-6)?
5
Let a = -55 - -58. What is the tens digit of a + (-230)/((-8)/4)?
1
Let a(r) = 8*r**2 - 6*r + 38. What is the tens digit of a(9)?
3
Suppose 6*w = w + 25. Suppose 3 + w = -n. Let j = 0 - n. What is the units digit of j?
8
Let t(w) = 161*w**2 + 20*w - 32. What is the hundreds digit of t(2)?
6
What is the thousands digit of (-3 - -52*119)/((-20)/(-8))?
2
Let p(k) = 7*k**2 + 8*k + 10. Let h be 4*1/((-2)/(-3)). Let u(w) = -w**2 - 1. Let o(m) = h*u(m) + p(m). What is the units digit of o(-10)?
4
Suppose -5*p - k = -10693 + 2463, 4*k = -5*p + 8215. What is the units digit of p?
7
Let s(v) = -v**3 + 34*v**2 - 53*v - 52. What is the thousands digit of s(30)?
1
Suppose 0*m - 752 = -2*m. What is the units digit of m?
6
Suppose 5*o - 7*o = 0, -4*o + 4585 = 5*z. What is the units digit of z?
7
Let x(z) = -z**2 + 4*z - 1. Suppose -3 = 2*i - 3*i. Let j be x(i). Suppose j*p - 3*g = 13, 3*p + g = -3*g + 11. What is the units digit of p?
5
Let c(f) = 2*f**3 + 89*f**2 - 74*f - 30. What is the hundreds digit of c(-45)?
2
What is the tens digit of (-2 - (-471)/6)*(-8)/(-6)?
0
Suppose 4*h + 2175 = 5*c, 2*c + 3*h - 870 = -h. What is the units digit of c?
5
Let j(o) = o - 3. Let w be j(6). What is the units digit of 63 + (3 - w) + 1?
4
Let c(w) = -w. Let y be c(3). Let i be -3 - (y - 0) - -36. Suppose 4*b = -4*j + 5*j - i, j = 5*b + 41. What is the units digit of j?
6
Let l(x) = 25*x + 73. Let n(y) = -13*y - 37. Let w(d) = -4*l(d) - 7*n(d). What is the tens digit of w(-19)?
3
Suppose 0 = 4*c - 1298 + 82. What is the hundreds digit of c?
3
Suppose -5*l = -5*g + 1340, 2*g - 41 = 4*l + 495. What is the units digit of (-3)/((-6)/g) + -4?
0
Suppose -1024 = 29*p - 12943. What is the units digit of p?
1
Let t = -5 + 8. Suppose t*r = 4*r - 70. Suppose -w - r = -6*w. What is the units digit of w?
4
Suppose -3*r + 1 = -2*r. Let z(o) = -46*o**3 - 3*o**2 + o + 1. Let v be z(r). Let k = 66 + v. What is the units digit of k?
9
Let c = -310 + 874. What is the units digit of c?
4
Let a be (6/(-4))/(8/(-16)). Let f(l) be the second derivative of l**3/2 + l**2 + 5*l. What is the tens digit of f(a)?
1
Let n(d) = 11*d - 7. Let j be n(-2). Let f = j + 33. What is the units digit of f?
4
Let f(b) = 4*b**2 - 6*b**2 - 4 + 5*b**2. What is the units digit of f(5)?
1
Suppose 0 = -r - w + 11, 0 = -3*r - 4*w - w + 33. Suppose -2*f = -5*i + 948, r*f - 10*f - 761 = -4*i. What is the tens digit of i?
9
Suppose 12 + 13 = 5*s. Suppose 8 - 21 = 3*w + 5*f, 0 = 4*w + 3*f - 1. Suppose -w*q - 13 = -n, 3*q = s*n + 4*q - 107. What is the tens digit of n?
2
Let w(p) = -18*p - 14. Let s(u) = -u + 23. Let f(v) = 11. Let n(a) = 13*f(a) - 6*s(a). Let g(r) = 8*n(r) + 3*w(r). What is the units digit of g(-8)?
6
Suppose 2*v - 4*y - 5306 = 0, -3198 = -3*v + y + 4746. What is the units digit of v?
7
Suppose -p + 5*p = -4, 3*p = 5*i + 17. Suppose 0 = 5*n - 42 - 28. What is the units digit of i/n - (-1288)/49?
6
Suppose 2*f + 922 = 2*n, 1401 = 3*n + 5*f - 2*f. What is the tens digit of n?
6
Let h = 612 + -402. Suppose 0*n - 5*n = -h. What is the units digit of n?
2
Let b(a) = 6*a**2 - a + 4. Let t be b(-6). Suppose 0 = -4*c + t + 22. What is the units digit of c?
2
Let o(r) = -r - 10. Let z be o(-14). Let j be ((-16)/z - 0) + 0. Let h(f) = -7*f - 8. What is the tens digit of h(j)?
2
Let i(o) = -12*o + 1. Suppose -2*m + 0 + 10 = 0. Let c = -9 + m. What is the units digit of i(c)?
9
Suppose 4*r = -k + 22, 0 = 4*k + r - 13 - 0. Suppose -12 + 4 = -k*d. Suppose -2*z + 3*z + 3*l = 9, 58 = d*z + l. What is the tens digit of z?
1
Let g be (-181 + 12)/(3/(-1) - -2). Let s = 31 + g. What is the hundreds digit of s?
2
Suppose -2*p + 3*r = -306, -4*r - 104 = -3*p + 357. Let i = -98 + p. What is the tens digit of i?
6
Let u = -72 + 74. Suppose u*f = -v + 4 +